
Let z = 55 + -51. Suppose -5*k - 137 = -u + 182, 1200 = z*u - k. Let j = -158 + u. What is the hundreds digit of j?
1
Let n be (8/(-12))/((-4)/12). Suppose -3*q + 1711 = -5*a, -7*a = -6*a + n. What is the units digit of q?
7
Let z(k) = -46*k - 27 - 3 + k**3 + 61 + 34*k**2. What is the units digit of z(-35)?
6
Suppose d - 17 + 15 = 0. Suppose 3*g = -2*l - 21 + 7, -d*l - 8 = 0. What is the hundreds digit of (-2)/3 - (g - 897/9)?
1
Let l(v) = -v**2 + 14*v + 29. Let w be l(17). Let s = 99 + w. What is the tens digit of s?
7
Let g(i) = 5*i - 2. Let v be g(6). Suppose 8 = 19*p - 68. What is the units digit of (-2)/(-4)*p*2338/v?
7
Suppose -5*w - 5 = 0, 4*a + a - 42 = 2*w. Let g be (a - 3)*123/5. Let n = g + -52. What is the units digit of n?
1
Suppose -2*q = 5*z - 6*q - 544, -4*q + 536 = 5*z. Let r = -160 + z. Let l = r + 109. What is the tens digit of l?
5
Suppose -25*b = -5*b - 180. What is the tens digit of (-132)/b*((-60)/(-8))/(-5)?
2
Suppose 21*k - 18*k = 3771. Suppose 4*c - 4*q = 2356, 5*c = 2*q + 1694 + k. Suppose 3*x + h - c + 151 = 0, 144 = x + 3*h. What is the units digit of x?
7
Let u(f) = -f**2 - 13*f - 28. Let o be u(-4). Let z be 0/((0 - -1) + 0). Suppose z = -h + o + 14. What is the tens digit of h?
2
Suppose -503*m - 4213099 = -624*m. What is the units digit of m?
9
Suppose -20*m + 31 = -49. Suppose z - m*s = 243 + 123, -5*z - 4*s + 1710 = 0. What is the tens digit of z?
4
Let p(y) = -28*y - 110. Let a be p(-11). Suppose 5*i - 299 = 2*o, 3*i - a = -3*o - 2*o. What is the units digit of i?
1
Let m(d) = -9*d**3 - 6*d**2 - 5*d + 7. Let i be 1 + ((-16)/2)/2. What is the hundreds digit of m(i)?
2
Suppose -2*t - 4*j + 5050 = 0, 4*t - 75*j - 10118 = -77*j. What is the thousands digit of t?
2
Let d = 13776 + -5319. What is the hundreds digit of d?
4
Let f = 22353 + -13740. What is the hundreds digit of f?
6
Suppose 685 = 13*o - 290. What is the hundreds digit of (-22450)/o*(-6)/4?
4
Let h(m) = -m**3 - 5*m**2 - 8*m - 14. Let w(u) = 6*u**2 + u**2 - 4*u**2 - 4*u**2. Let c(t) = h(t) + 3*w(t). What is the units digit of c(-8)?
0
Let n = 72298 + -42649. What is the ten thousands digit of n?
2
Let j(f) = -20 - 11*f + 42*f + 42*f - 8*f. Let h be j(3). Suppose 430 = 5*w - i - 0*i, 2*w = i + h. What is the tens digit of w?
8
Let c be 15 - ((-28)/(-4) + -3). What is the units digit of (272/(-5))/(c/(-55))?
2
Let r(i) = -i - 2. Let x be r(-5). Let n be ((-108)/2)/(((-84)/(-525))/(2/(-5))). What is the hundreds digit of n*x/(-18)*-3*2?
1
Let f(t) = t**2 + 10*t - 21. Let j be f(-12). Suppose 5*a = 4*a - 5*i + 96, -j*a + 342 = -3*i. Let c = a + 41. What is the units digit of c?
2
Suppose 275 = 3*v + 251. Suppose -v*u = -2673 - 943. What is the units digit of u?
2
Let o be 3459/4 + 51/(-68). Suppose 934 = 5*m + o. What is the units digit of m?
4
Let v = 40 - -4. Suppose -2*y + 29 = -3*d, d - v = -5*y - d. Suppose -3*q = -y*q + 511. What is the tens digit of q?
7
Let s(n) = n - 19. Let t be s(15). Let d(a) = -48*a + 1. Let b be d(t). Suppose 175 = 4*k - b. What is the tens digit of k?
9
Let o(t) = -4*t - 8. Suppose q - 2 + 8 = -5*p, 30 = -5*q - 4*p. Let r be o(q). Suppose 11*x + 205 = r*x. What is the units digit of x?
1
Suppose 1324 + 391 = 5*a. Let g = a + -54. What is the hundreds digit of g?
2
Let i(v) = -v**3 - v**2 - 1. Let z(r) = -2*r**3 - 16*r**2 - r + 4. Let p(b) = -4*i(b) + z(b). Let s be p(6). What is the units digit of s - (18/30 - 1468/5)?
5
Let d = 12274 + 35797. What is the tens digit of d?
7
Let d(w) = -1310*w - 15. Let t(i) = -1311*i - 15. Let a(y) = -5*d(y) + 4*t(y). What is the tens digit of a(1)?
2
Let m = 554 - 18. Suppose -2*n + m = -792. Suppose -5*a = 3*h - n, -2*a + 4*a - 253 = 3*h. What is the units digit of a?
1
Let y = -120 + 147. Suppose -4 = 25*o - y*o. Suppose 4*p + 517 = 8*p + 3*m, -o*m + 260 = 2*p. What is the tens digit of p?
2
Let z(t) = t**2 + 24*t - 25. Let v be z(-25). Suppose 984 = -v*d + 6*d. What is the units digit of d?
4
Let a = -46296 + 66316. What is the thousands digit of a?
0
Suppose 23 = -6*l + 23. Suppose -117*f + 111*f + 3192 = l. What is the hundreds digit of f?
5
Let c(n) be the first derivative of -47*n**4/4 - 2*n**3/3 + n**2/2 - 39. What is the hundreds digit of c(-2)?
3
Suppose -8342 = 8*d + 11*d - 20*d. What is the units digit of d?
2
Let k(a) = a**2 - 2*a - 7. Let r be k(4). Suppose -2*n + 5*d = -18, -3*d + 5 = 3*n + 20. What is the units digit of (33/44)/(r/(-68))*n?
1
Let o(h) = 9*h + 4. Let v be o(-1). What is the units digit of v/((-2)/6 + (-22)/(-165))?
5
Let x(c) = -c**3 + 13*c**2 - 9*c + 2. Let w = 26 + -24. Suppose 0 = -w*o - 8*o + 50. What is the hundreds digit of x(o)?
1
Suppose -2*n + 13 = h, -4*n - 4*h = -3*h - 21. Suppose -n*o + 1124 = 96. What is the units digit of o?
7
Let v(b) be the second derivative of b**3/2 - 85*b**2/2 + 6*b. Let c be v(30). Suppose -3*q + 380 = -c*p, 3*p = -0*p + 15. What is the units digit of q?
5
Let p(b) be the second derivative of -2/3*b**3 + 3*b**2 - 17*b + 0 + 25/12*b**4. What is the tens digit of p(2)?
9
Let x(r) = -4*r + 130. Let l be x(23). What is the units digit of 95/l*(6 + 0)?
5
Suppose 44*i = 198075 + 116437. What is the thousands digit of i?
7
Let s(c) = -c**3 + 94*c**2 - 109*c + 3186. What is the units digit of s(88)?
8
Let j(p) = -281*p + 1223. What is the tens digit of j(-16)?
1
Let g(j) = -j**3 - j**2 - 2*j - 165. Let c be g(0). Let r be c*((1/(-3))/1)/1. Let n = r + 54. What is the tens digit of n?
0
Suppose -45*i + 30140 = -294535. What is the tens digit of i?
1
Suppose 5*w - 80 = -0*w. Let l = w + -2. Let x(d) = -d**2 + 19*d - 3. What is the tens digit of x(l)?
6
Let g(a) be the third derivative of a**6/24 - a**5/20 + 2*a**4/3 - 22*a**3/3 + 62*a**2. What is the hundreds digit of g(4)?
2
Let n(q) = q + 13. Let v be n(-27). What is the units digit of (-1)/(0 + 0 - 1) - v?
5
What is the units digit of 288931/9 + ((-352)/(-198))/(-4)?
3
Let n be 4 - (4/(-5) + (-13)/65). Suppose 5*h - m = 381, 0 = -0*m - 5*m - n. Suppose -3*j + 111 = f, -3*f - 4*j - h = -4*f. What is the tens digit of f?
9
Let v(r) = 38*r + 261. Suppose 0 = 4*z - 76*l + 74*l - 36, 3*l + 6 = 0. What is the hundreds digit of v(z)?
5
Let o = -676 + 4022. Let h = -2139 + o. What is the units digit of h?
7
What is the hundreds digit of (188394/(-45) + 8/6)/(9/(-45))?
9
Let j(g) = 4*g**3 + 32*g**2 + 7. Let v be j(-8). Let s(x) = -3*x + x + 3*x**2 + 16 - 2*x. What is the tens digit of s(v)?
3
Let r = 6 + -3. Suppose -4*d - 53 = -r*z, z - 3*d - 70 = -4*z. Suppose 190 = 5*j + 5*m, -z = -3*j + 4*m + 124. What is the tens digit of j?
4
Let h be (-56)/(-10) - 90/150. Suppose 0 = -o - 5*r + 147, 4*o + 481 = 7*o - h*r. What is the hundreds digit of o?
1
Suppose -538 = -m + 702 - 32. What is the tens digit of m?
0
Let p(r) = 11446*r + 16707. What is the ten thousands digit of p(6)?
8
Let l = 362 - 357. Suppose -162 = -3*k + 3*u, 2*u = -k + l*u + 52. What is the tens digit of k?
5
Let a(b) = -8*b**2 - 34*b - 3. Let h be a(-4). Suppose h*u - 688 = -d, -4 = u - 3. What is the tens digit of d?
9
Suppose -r + 437 = -3*l, 0 = 3*r + r + 2*l - 1776. Let q = 627 - r. What is the units digit of q?
4
Suppose 0 = -3*w - 403 + 1948. Let a = w - 278. What is the units digit of a?
7
Suppose -4*m + 18502 = -8*f - 53922, 3*m + 2*f = 54262. What is the thousands digit of m?
8
Suppose 2*z - 4 = z, -268 = 3*j + 5*z. Let w = 229 + -88. Let p = w + j. What is the units digit of p?
5
Suppose -1010*t + 8633 = 3*f - 1006*t, f - 2*t - 2881 = 0. What is the units digit of f?
9
Suppose -59 + 43 = 4*f, -4*z + 3*f + 42904 = 0. What is the units digit of z?
3
Suppose 3*l - 2*h = 33, h - 9 = 4*h. Suppose -l*z - 14*z = -4232. What is the hundreds digit of z?
1
Let h(x) = -2*x**3 + x**2 + 7*x + 14. Let f be h(5). Let m = -5196 - f. What is the units digit of m/(-35) + -3 + 54/21?
3
Let m(i) = 12*i**2 + 22*i - 45. What is the thousands digit of m(-18)?
3
Let l(z) be the third derivative of z**5/3 - z**4/12 + 2*z**3/3 + 7*z**2 + 4*z. Let x(y) = -2*y - 6. Let m be x(-4). What is the tens digit of l(m)?
8
Let m(r) = 1399*r**3 - 4*r**2 + 14*r - 18. What is the tens digit of m(2)?
8
Suppose 0 = -124*o + 126*o - 4*j - 50834, j = -o + 25405. What is the thousands digit of o?
5
Let v be 3*(-3)/2*4. Let u be (v - (2 + -5)) + -3. Wha